 z(s) = -3*s**3 + 18*s**2 + 2*s - 19. Let m(c) = -5*b(c) + 2*z(c). What are the prime factors of m(-9)?
3, 7
Let u(y) = y**2 + 12*y + 13. Let p be u(-11). List the prime factors of 4*8*p/4.
2
Suppose 3*y = 6 - 0. List the prime factors of y*(3 - -4) - -3.
17
Let t = 8 - 6. Suppose 2*r - 20 = -t*r. Suppose -r*q + 2*g + 41 = 0, -2*q + 17 = -2*g + 3. What are the prime factors of q?
3
Let n(k) = k**3 - 15*k**2 - 9*k + 18. What are the prime factors of n(16)?
2, 5, 13
Let c be -3 + (23 - (-2 - 1)). List the prime factors of c + 6/(-3) + 1.
2, 11
Let x be 8 + 3*(-2)/(-6). Suppose -l - 2*l + x = 0. Suppose l*z = 3*m - 42, -4*m = m + 4*z - 52. List the prime factors of m.
2, 3
Suppose 4*p = -5*t, 13 + 6 = 3*p - t. Let r = p + -1. List the prime factors of r.
2
Suppose 0 = -15*a + 20*a - 1635. What are the prime factors of a?
3, 109
Suppose 0 = 3*c + 7 - 13. Suppose -a = -c*d + d + 15, 3*d = -2*a + 25. What are the prime factors of d?
11
Suppose -3*x - m = 119 - 399, -x + 95 = 2*m. List the prime factors of x.
3, 31
List the prime factors of (-2)/9 + (-2260)/(-45).
2, 5
Let u be 1/(1*2/74). Suppose -3*w = w + x - 56, 3*w - u = -2*x. List the prime factors of w.
3, 5
Let m(u) = -u**2 - 8. Let y be m(0). What are the prime factors of 132/y*16/(-6)?
2, 11
Let x(f) be the second derivative of -f**5/20 + f**4/4 + 2*f**3/3 - 3*f**2 + 4*f. Let q be x(4). What are the prime factors of 56/12*q/(-4)?
7
Let f be 0 + (-4 + 2 - -2). Suppose 6*b - 3*b - 33 = f. List the prime factors of b.
11
Let i = -7 + 10. Suppose -i*v = -0*v. Suppose -y + 9 = -v*y. List the prime factors of y.
3
Let g = 0 + 2. Suppose -v + 102 = g*v. What are the prime factors of v?
2, 17
What are the prime factors of 273 + (-4 - (-1 - 2))?
2, 17
Suppose 293 = v + v - 5*l, -4*v + 4*l + 556 = 0. List the prime factors of v.
2, 67
List the prime factors of 4/8 + (-13)/(-2).
7
Let t = -1 + 38. List the prime factors of t.
37
Suppose -2*j + 0*j = -96. Suppose 0*p + j = 4*p. List the prime factors of p.
2, 3
Let g be ((-60)/(-50))/(4/10). Suppose d = 4*l + 26, -g*l = -5*d + 79 + 68. What are the prime factors of d?
2, 3, 5
Let v(h) = 4*h**2 - 17*h - 5. List the prime factors of v(7).
2, 3
Let h be 1/(-5) + 18/15. Suppose -7 - h = -j. What are the prime factors of j?
2
Let n(s) = s**3 + 2*s**2 + 40. List the prime factors of n(0).
2, 5
Let q = 88 + 34. What are the prime factors of q?
2, 61
Suppose -9*f = -5*f + 2*l - 872, 4*l = f - 218. What are the prime factors of f?
2, 109
Let i(f) = -1 - 5 + 3 - 2*f - 4. Let n be i(-5). Suppose 0 = n*r - 3*z - 21, 3*z - 19 = 5*r - 60. List the prime factors of r.
2, 5
Let o(i) = -4*i + 1. Let m be o(5). Let c be 0 - -2 - (1 + m). Suppose 4*a = -l - 1, 5*a - c + 9 = -3*l. List the prime factors of l.
7
Let h(q) = 8*q**2 + q - 4. What are the prime factors of h(2)?
2, 3, 5
Let q(c) = -c**3 - 2*c**2 + 7*c - 1. Let w = -14 - -9. List the prime factors of q(w).
3, 13
Let d = -4 - -4. Suppose -3*j + 8*j - 140 = d. What are the prime factors of j?
2, 7
Let z(j) = -j**3 - 3*j**2 - 3*j - 2. Let o be ((-2)/(-4))/((-2)/12). List the prime factors of z(o).
7
Let r(h) be the second derivative of -h**4/12 + 7*h**3/6 + 5*h**2/2 - 2*h. Let g be r(8). List the prime factors of 0 - -16 - (-1 - g).
2, 7
Let c(j) = -j**2 - 7*j + 7. Let l be 4/26 + (-160)/26. What are the prime factors of c(l)?
13
Let s(r) = r**3 - 3*r**2 - 4*r + 1. Let n be s(5). Suppose -n = -2*k - 1. List the prime factors of k.
3, 5
Suppose -2*p + 3*f + 30 = 0, -5*f + 60 = -2*p + 6*p. List the prime factors of p.
3, 5
Let k = 64 - -315. What are the prime factors of k?
379
Let y(t) be the first derivative of -t**2 + 4*t + 1. Let u = 7 + -11. List the prime factors of y(u).
2, 3
Suppose 3*h + 4*k - 26 = 0, 3*h + 3*k - 44 = -h. Let w = -10 + h. What are the prime factors of w?
2
Let r = 1 - 3. What are the prime factors of 10/1 - (-1 - r)?
3
Suppose 0 = 5*x - 16 + 1. Suppose -132 = -9*b + 6*b. Suppose -x*q = q - b. List the prime factors of q.
11
Let f(t) = 2*t**2 - 3*t - 1. Let m(v) = -2*v - 12. Let d(g) = -g - 8. Let a(h) = -8*d(h) + 5*m(h). Let o be a(3). What are the prime factors of f(o)?
13
Suppose 3*r - 82 = 2*o, -6*o = -o + 10. What are the prime factors of r?
2, 13
Suppose 5*r - 6 - 164 = 4*q, 2*q = -3*r + 124. Let h be 2/4 - r/(-4). Suppose 0*n - h = -2*n. List the prime factors of n.
5
Let j(z) = 2*z - 7. Suppose 3*i = -4*i + 42. What are the prime factors of j(i)?
5
Let g(b) = 10*b**2 - 8*b - 21. What are the prime factors of g(-5)?
269
Suppose -3*u - 35 = -2*w - 3, -4 = 2*u. What are the prime factors of w?
13
Suppose -2*a = -a - 5. Let s(v) = -v - 1. Let h be s(a). Let r(p) = p**3 + 7*p**2 + 4*p. What are the prime factors of r(h)?
2, 3
Suppose -5*j + 7 = -3*q, 4*j + 12 = -q + 4. List the prime factors of 76/18 - q/(-18).
2
Let s(k) = 3*k**3 - 6*k**2 + 5*k - 5. Let o be s(4). Let x = o + -76. What are the prime factors of x?
5, 7
Suppose x - 39 = 2*v + 28, x - 4*v - 75 = 0. What are the prime factors of x?
59
List the prime factors of 46/3*(-24)/(-16).
23
Suppose 2*l - 1 - 9 = 0. What are the prime factors of (-2 + 0)*(3 - l)?
2
Suppose -6*i + 12 = -2*i. Let z be 1/(1/3 - 0). Suppose -2*a = -i*p + 36, 2*p - 23 = z*a - 2*a. What are the prime factors of p?
2, 5
Suppose 5*h - 4*p = p, 0 = h + 4*p - 10. Let o(a) = 7*a**2 - 3*a + 1. Let j be o(h). Suppose -2*k = -5*v + 34, v - j = -0*v - 5*k. List the prime factors of v.
2
Let q be (-2)/(-4) + (-1)/2. Suppose 5*s - 11 + 1 = q. Suppose 0 = -k + 16 - s. What are the prime factors of k?
2, 7
Let t(h) = 25*h - 2. Let q be t(2). What are the prime factors of ((-36)/(-48))/(2/q)?
2, 3
Let n(h) = h**3 + 15*h**2 - 17*h - 2. What are the prime factors of n(-16)?
2, 7
Let o(c) be the third derivative of c**5/60 - 7*c**4/24 + c**3/2 + 5*c**2. List the prime factors of o(8).
11
Let j(v) = -6*v - 8. List the prime factors of j(-9).
2, 23
Suppose y = 3, 0 = 4*o - 0*y - 5*y + 7. Suppose -o*n + 3*n - 2 = 0. Suppose -m + 3 = -n. List the prime factors of m.
5
Let a be (3/4 - 0)*8. What are the prime factors of (-21)/a*-2*1?
7
Let v be (-3 + -11)*1/(-2). Suppose -2*f + 31 = p, 4*p = 3*f + v + 62. List the prime factors of p.
3, 7
Suppose 31*n + 292 = 33*n. What are the prime factors of n?
2, 73
Let x(w) = -w + 2. Let l be x(2). Suppose 3*r - 2*z = 3 - 15, -z = l. Let s = r + 16. What are the prime factors of s?
2, 3
Let h be -1*1 - (-915)/(-15). Let d = h + 103. List the prime factors of d.
41
Suppose -5*s + 952 = -288. What are the prime factors of s?
2, 31
Let s = -6 - 7. Let a = s - -19. List the prime factors of a.
2, 3
Suppose -3*j = 4*b + 3 - 1, 3*j = 2*b - 8. Let c be 1*3 + 8/(-24)*-6. Suppose -g + 3*m = -0*m - c, 5*m - b = -3*g. List the prime factors of g.
2
List the prime factors of ((-230)/(-15))/((-1)/(-3)).
2, 23
Let u = 24 + -25. Let z(g) = 0*g - 4*g**3 - 4*g**2 - 2*g - 1 + 2*g**2. List the prime factors of z(u).
3
Let f = 26 - -4. List the prime factors of f.
2, 3, 5
Let r = 5 + -2. Suppose -3 = b + 5*h, 2*h - 4*h - 8 = -r*b. Suppose -j + 5 + 9 = -b*a, -32 = -3*j - 4*a. List the prime factors of j.
2, 3
Suppose 3*b = -3*i + 27, -b - 2 = -2*b. Let y = i - 1. Let o = y + -4. List the prime factors of o.
2
Suppose -5*p + 44 = c + c, 0 = -3*p - 6. List the prime factors of 0 - c*(-4 - -3).
3
What are the prime factors of 5*8/(-3 + 5)?
2, 5
Let i(l) = 3*l - 2. Let w be i(2). Suppose 0 = -3*x + 6*x - w*b - 168, 168 = 3*x + 3*b. List the prime factors of x.
2, 7
Let a(u) = 13*u**2 + 2*u + 1. Let y(x) = x - 1. Let g be y(0). Let p be a(g). Let v = -1 + p. What are the prime factors of v?
11
Let x = -19 + 35. Suppose 0*p - 9 = p. Let m = p + x. What are the prime factors of m?
7
Let l be -2 - (0 + -14 + 2). Let t(f) = f**2 + 4*f - 5. Let h be t(-4). Let o = h + l. List the prime factors of o.
5
Suppose -2*o + 20 = -3*b + b, -2*b - 18 = -o. Let q = b + 11. Let v = 2 + q. List the prime factors of v.
5
Let s = 4 + -6. What are the prime factors of (20/35)/(s/(-7))?
2
Suppose -7*q = -2*q - 95. What are the prime factors of q?
19
Let q be 1 - 4/(0 - 1). Suppose 11 = 3*a + q. Let t(w) = w**2 + w. What are the prime factors of t(a)?
2, 3
Let j be 9*2/((-8)/(-44)). Suppose -3*a + j = -39. What are the prime factors of a?
2, 23
Let s = 11 - -176. What are the prime fac